-11 - (-8 - 8))).
3
7 - (30 - 16 - (-3 - -1))
-9
What is the value of (31 + -40 - (1 - -7)) + 8?
-9
What is -20 + -6 + -4 + 10 + (-3 - -3)?
-20
Evaluate 8 - (47 - 15) - 1.
-25
-33 + (14 - -11) - (0 - -9)
-17
What is 6 - (51 + -41 - (6 + -1))?
1
Evaluate 9 + (8 - -1) + (37 + -22 - 18).
15
What is the value of (14 - (15 + 13)) + 17?
3
Evaluate 10 - (19 + -13) - 15.
-11
What is (-15 + 7 - -27) + -8 + 0?
11
What is the value of (65 - 79) + (8 - (-10 + 4))?
0
Calculate 24 + (-45 - -20) + 38.
37
Calculate -22 + 22 - -10 - -8.
18
What is the value of (-4 - -7) + -12 + 3 + -3 + 1?
-8
What is -50 + -4 + -20 + 37?
-37
What is 20 - 6 - 8 - (6 - 5 - 5)?
10
What is the value of (2 - 7 - 35) + 26 + -19?
-33
What is the value of -15 - ((-7 - -7) + (-15 - -6)) - 2?
-8
What is the value of (36 + -32 - (22 - 0) - -1) + 4?
-13
What is the value of (18 - 23) + 9 + -2 - (1 - 1)?
2
Evaluate 24 - 38 - (-3 - 1).
-10
-6 - (2 + (-2 - (1 + -1)) - -6)
-12
What is 10 + 1 - ((6 - -27) + (18 - 22))?
-18
What is (1 - 12) + 54 + -31 + 1?
13
What is -22 - (-40 + 8 + 40)?
-30
(28 - 31) + (3 - 0) - (1 - 6)
5
Calculate -15 + 0 + -245 + 272.
12
What is 8 - (-4 + -2 + (18 - -12))?
-16
What is the value of (20 - 22) + 14 + -7?
5
Evaluate -40 - -32 - (-3 - 0).
-5
Evaluate -3 - 1 - (-19 + 3 - -3).
9
What is 6 + 1 - ((-23 - -38) + -20)?
12
Calculate (-12 - (9 + -11)) + 20 - (2 + 1).
7
What is 20 + (-4 + 0 - 0)?
16
What is the value of 0 + -7 - (27 + -46) - -17?
29
What is the value of -3 + (-9 - -11) + -6?
-7
Calculate -21 - (-32 + 17) - -9.
3
What is (-7 + (8 - 4) - -7 - -3) + -21?
-14
What is the value of -1 - (-30 + 26 + -11)?
14
What is -227 - -231 - (1 - 1 - -15) - 0?
-11
Calculate -3 + (33 - (4 - (7 + -12))) - 4.
17
Evaluate -12 - (0 - 20) - 14.
-6
Evaluate (16 - (27 - 3) - -6) + 5.
3
What is (-16 - ((-2 - -5) + -8)) + (-1 - 4)?
-16
What is 2 + -16 + 14 + -4?
-4
Calculate -1 - 1 - ((60 - 91) + 58).
-29
Evaluate -22 - (-36 - -6) - -16.
24
Evaluate -16 + 8 + (5 - -1).
-2
What is -8 + -4 + 6 + -6 + 1 + 8?
-3
Evaluate 6 + -9 + 2 - (-3 - (-2 - 14)).
-14
What is 2 + (-41 - -25 - -9)?
-5
(-99 - -106 - (0 + 21)) + 7 - -14
7
(-7 - 1 - (-32 - (-38 - -4))) + 2
-8
What is the value of (-10 - (3 - 6)) + -8 + -11?
-26
Calculate 11 + -7 - (-28 - -20 - -18).
-6
What is the value of 13 + -27 - 10 - -5?
-19
Evaluate 1 + (1 - (10 - (7 - (11 + -8)))).
-4
Evaluate (-14 - -14) + (-1 - -11).
10
13 + (0 - 10) - -8 - 19 - 2
-10
What is 0 - (10 + -11 + 7) - 8 - -1?
-13
What is the value of 9 + -1 + -3 + -14 + (9 - -8)?
8
Evaluate 31 + (-17 - (18 - 17)).
13
What is the value of (3 - 1 - (-12 + (19 - 5))) + -3?
-3
What is 12 + (-4 - (-2 - (12 + -17)))?
5
12 + 15 + -1 - 4
22
What is -2 - (22 + -22 + 15)?
-17
Calculate (23 - 12 - (-2 + 32)) + 15.
-4
Evaluate 8 - (10 + -2 - -18) - (-4 + 0).
-14
Calculate 16 - ((13 - 2) + 1 + 11).
-7
What is the value of 1 + 19 - (-16 + 2 - (-61 - -49))?
22
Calculate -86 + 84 + 0 + 0.
-2
What is 9 + (14 - 8) + -8 + -36?
-29
(-7 - (-1 - (-8 - -4))) + (-2 - -8)
-4
Calculate -22 + (16 - 6) - -6 - -17.
11
(1 - 2) + -515 + 504
-12
Evaluate (-26 - 0 - -27) + 1 + 3.
5
Evaluate 6 - (13 - -5) - (2 + 2 - 6).
-10
Evaluate 5 + (9 - ((-1 - -9) + 3)).
3
-2 + 8 - (-12 - -17 - -3)
-2
What is (-10 + 19 - (-3 + 23)) + 6 + -3?
-8
Evaluate (-22 - -1) + (-306 - -324).
-3
What is the value of -5 + 14 + (5 - 9)?
5
Calculate 83 - 97 - (-20 + -3).
9
(11 - 17) + 39 + -17
16
What is the value of (366 - 371) + (0 - -6)?
1
What is (21 - ((-4 - -7) + 6)) + -22?
-10
Calculate -4 + 2 + -5 + 5 + 9 + -11.
-4
Evaluate -1 + -4 - (3 - (-2 - (3 - 7))).
-6
-6 + 3 - (21 - 18)
-6
Calculate (24 - (-16 + 12)) + (-6 - -13) - 7.
28
What is (-162 - -140) + (1 - -11) + 24?
14
-14 - (-5 - -14) - -9
-14
What is the value of -11 + 15 + 3 + (6 - (3 + 4))?
6
Calculate 12 - (18 + -15 - (-2 - -17)).
24
What is 1 + -6 - (176 + -84 + -107)?
10
What is the value of (-3 - -27) + -13 + (5 - 3)?
13
What is the value of -25 + (-16 - -20) + 18?
-3
What is the value of 20 + (4 - 5) + -11 - (2 - -2)?
4
12 + 0 + (321 - 329) - (1 + 7)
-4
-7 + (1 + -7 - -8) - -2
-3
Calculate 29 - ((-10 + 6 + -9 - 2) + 4).
40
(38 - 19) + -6 + 0 + -6
7
-20 + 29 + (5 - 1 - -1)
14
What is 4 + -7 + 6 - 1 - (-9 - -3)?
8
Evaluate (-1043 - -1084) + -4 + 0.
37
(1 - 1) + 16 + 0 + -9
7
What is 15 + (-32 - (-33 + 16)) - (-1 - 24)?
25
What is 1 + 19 + 0 + (-3 - (0 - -4))?
13
What is (22 - 8) + 0 + (-1 - (-5 - -7))?
11
Calculate -10 - ((15 - 8) + -1 + (8 - 11)).
-13
Calculate (66 - 98) + (14 - -5).
-13
-4 + (0 + 7 - -2)
5
1 - (1 + (-7 - (0 + 4)))
11
Evaluate -25 - -10 - (3 - 9 - -19).
-28
What is the value of (13 + -26 + 11 - (2 - -3)) + 16?
9
Calculate (-5 - 2 - -9) + 3.
5
Calculate -4 - (0 - (-6 + 2) - (-268 - -249)).
-27
What is the value of -44 - (-1 - (0 - -17))?
-26
What is -8 + 4 - (-4 + 15 - 13)?
-2
What is 3 + -3 + 15 + -2 + 0?
13
What is the value of (-11 - (9 + -20 + -10)) + (1 - 19)?
-8
What is the value of (-21 + (19 - -10) - 3) + (1 - 5)?
1
(16 - 4) + (0 - (-11 - -13))
10
Calculate 0 + -30 - (-13 + (24 - 18)).
-23
What is (-97 - -95) + -5 + -13?
-20
Calculate -1 + (7 - 1) + -11 - (22 + -16).
-12
Calculate 3 + -10 - ((31 - 19) + -1).
-18
Calculate (14 - -3) + -10 - 7.
0
Calculate (4 - 10) + 1 - (-6 + 9 + 6).
-14
39 - (33 - -1) - (-8 + 0)
13
Calculate -5 + -1 + 10 + 9 + -3 + -14.
-4
Evaluate 32 + (-3 - 2) - (-27 - -25).
29
Evaluate (4 + (-13 - -4) - (16 - 22)) + 0.
1
Calculate 1 - -6 - (-14 - (-47 + 27)).
1
-4 + 1 + -1 + (8 - (12 - -6))
-14
What is -22 - (5 + -25 - -5)?
-7
Evaluate -5 - (-2 - (-11 - -9)) - -7.
2
Calculate 6 + (7 - (9 + 0)).
4
What is -4 + 0 + -4 + (-4 - 0) + 8?
-4
What is 9 + 3 - (-7 + 10 + (13 - 25))?
21
What is (-2 - (-13 - -2)) + 143 + -141?
11
What is the value of 9 - ((4 - 10) + 3 + 4)?
8
Calculate (0 - -9) + (-127 - -131).
13
What is the value of 2 + 6 - 4 - (-3 + (-6 - -11))?
2
What is 7 - ((-45 - -55) + (-2 - 9) - 10)?
18
Evaluate 24 + -12 + (34 - 33).
13
What is -8 - (3 - (208 + -208 - (7 + 0)))?
-18
What is 3 + (11 - (-2 - (1 + 3)))?
20
Evaluate 9 - (-6 + (17 - (9 - 9))).
-2
What is -29 - -42 - 14 - -3?
2
-7 - (-16 - (5 - 12))
2
Evaluate -17 + 3 + -1 + 23.
8
What is (54 - 34) + (3 - (2 + 1))?
20
What is 8 - (-12 - (-4 + 16 + -25))?
7
1 + 4 - -6 - 9
2
(-2 - 14) + (10 - (-10 + 7 - -6))
-9
What is 33 - (7 - (-7 + 9 + (-11 - -6)))?
23
Calculate -8 + -14 - (-7 - 21).
6
(-42 - -54) + -18 + 17
11
What is the value of 1 + 11 + 5 + -10 + 4 - -11?
22
What is the value of 0 - 18 - (-1095 - -1068)?
9
Evaluate 10 + (1 + (4 - 7 - -5) - -3).
16
Calculate 10 + -13 + -3 + -4.
-10
What is 186 + -199 - (4 + -40)?
23
Evaluate 4 - (-10 - 1 - -2).
13
Calculate -11 + (6 - 25) - -13 - (1 - 4).
-14
What is -705 + 698 + (-5 - 3 - (1 - -1))?
-17
-24 - (-20 + 5) - (-19 - (-1 - 2))
7
What is -9 + -14 + 9 - -7?
-7
Calculate -309 + 326 - (1 + 5).
11
What is the value of 23 + (-6 - 4) + 2 - -1?
16
Evaluate -17 + 15 - (6 - -7 - 9).
-6
What is the value of (-3 - -1) + (5 - (12 - 16)) - 4?
3
Calculate (4 - ((0 - 3) + 5)) + -27 + 34.
9
What is the value of -5 - (-5 - 8) - (2 + (33 - 14))?
-13
Evaluate -284 + 280 - (1 + 4).
-9
(-23 + 64 - 22) + 3
22
1 + (1 + -1 - -3) + (155 - 165)
-6
Calculate (5 + 11 + -14 - -33) + -14.
21
Calculate -12 + 5 - (-14 - -12) - -5.
0
What is the value of 20 + (-2 - -7) + -16 + 3?
12
Evaluate -17 - -1 - ((12 - 4) + -5).
-19
What is the value of -3 + 23 - (-8 + 23)?
5
What is the value of 47 + 4 + -50 - ((-27 - -2) + 0)?
26
What is the value of (-1 + 8 + -78 + 91 - 11) + -6?
3
What is the value of 2259 + -2255 + (-1 - -2 - 13) + 2?
-6
-7 + (-13 - 11) + 16
-15
-8 - (-8 + (15 - (3 - -4)))
-8
What is the value of -11 + -3 + 17 + (-7 - 3 - 1)?
-8
Calculate 5 - (-1 + -9 + 5 + -1 + 17).
-6
What is the value of (34 - 5 - 34) + (-7 - -8)?
-4
Calculate -22 + -17 + 11 + 3 + (8 - -3).
-14
What is 6 + (-1 - -1) + (-7 - 3 - 10)?
-14
What is 28 - 25 - (22 - 14 - (2 + 0))?
-3
What is the value of (-16 - (-3 - 5)) + (1 + 3 - -10)?
6
Evaluate 3 - (-3 + -4) - (10 - (2 - 1)).
1
1232 + -1215 - (4 - 1)
14
201 - 184 - ((7 - (6 + -3)) + 1)
12
What is the value of (-17 - 3) + 2 + -6?
-24
Evaluate (-12 + 25 - 7) + -7 - -4.
3
Calculate 25 + (-30 - (3 - 12)).
4
What is the value of 15 + -1 + -7 + (0 - -21) + -10?
18
Calculate (-19 - 3) + 1 + 9.
-12
-36 + 50 + (1 - 2